. Suppose -j + q = -2*a + 9, -4*j + 4*a = -100. Calculate the remainder when j is divided by 10.
8
Let h(x) = 2*x**2 + 3*x + 18. Calculate the remainder when h(-7) is divided by 16.
15
Let w(k) = k**2 - 16*k - 83. What is the remainder when 49 is divided by w(-5)?
5
Suppose 2*i + 5*f = 219, 15*f = 3*i + 12*f - 339. Calculate the remainder when i is divided by 2 + (-1 - (-24 + 2)).
20
Suppose -80 = -5*v + 10. Suppose -3*q + 36 = 3*j, -v = 3*j - q - 54. What is the remainder when j is divided by 3?
0
Suppose x + 2*p - 3*p - 77 = 0, -3*x + 243 = p. Calculate the remainder when x is divided by (1 + -8)/(4/(2 + -14)).
17
Let f = 5 - 8. Suppose -3*c + 23 = -118. Calculate the remainder when c is divided by (f + 11/2)*10.
22
Suppose -611 = -30*k + 649. What is the remainder when 335 is divided by k?
41
Let k = 49 + -25. Suppose 179 = 5*v - 56. Calculate the remainder when v is divided by k.
23
Let f(r) = 2*r**2 - 3*r - 2. Calculate the remainder when (-3 + -2)*3/(-5) is divided by f(-1).
0
Let q be (2/3 - 1)*-57. Let t = 26 - q. Calculate the remainder when 43/4 + (-3)/(-12) is divided by t.
4
Let s(z) = -13*z - 1. Let h(t) = 7*t - 13. Let d be h(4). Suppose 0 = -d*b + 14*b + 18. What is the remainder when s(-4) is divided by b?
15
Suppose -89*h = -91*h + 20. Suppose u - h*u = -18. Calculate the remainder when 16 is divided by u.
0
Calculate the remainder when ((-8701)/22)/(4/(-8)) is divided by 99.
98
Let b = 79 + -47. Let l = -9 + b. Suppose 5*t = 97 + l. What is the remainder when 71 is divided by t?
23
Let y be (28/16)/(2/(-8)). Let n = 26 + y. Suppose -3*z + n = -b, -z = -0*b - 3*b - 17. Calculate the remainder when 24 is divided by z.
4
Let t(f) = 3*f + 28. Let s be t(-8). Suppose 84 = s*h - 5*b, 0 = 4*b - 5*b. What is the remainder when 55 is divided by h?
13
Let o be 34 + ((-2)/(-2) - 2). Suppose 0*g - o = -3*s + g, 0 = -2*s + 2*g + 18. Suppose 0 = 17*f + 93 - 450. What is the remainder when f is divided by s?
9
What is the remainder when 384 is divided by (-3 + (-57)/9)/(50/(-525))?
90
Let a = -727 - -741. What is the remainder when a is divided by 3?
2
Let v = 27 + 3. Suppose 2*x - v - 28 = 0. Suppose 4*o - 78 = -18. What is the remainder when x is divided by o?
14
Let q(i) = i**2 + 14*i + 3. Let a be q(-14). Suppose 4*v - 55 - 6 = -a*n, 4*v = n - 15. Calculate the remainder when n is divided by 9.
1
Suppose 47*k - 1090 = -150. What is the remainder when 277 is divided by k?
17
Let v = 137 - 229. Let l = v + 130. Let u(r) = -r**3 - r**2 + r + 13. What is the remainder when l is divided by u(0)?
12
Let k = -763 + 832. Suppose 4*g = -3*r + 42, -r + g + 9 = 4*g. Calculate the remainder when k is divided by r.
15
Let c(q) = q**3 + 7*q**2 + 2*q + 6. Let s be c(-4). Let y = s + -23. Calculate the remainder when 135 is divided by y.
20
Let v = -393 + 486. What is the remainder when v is divided by 34?
25
Let p = 24 + -36. What is the remainder when (-24)/(-28)*7/(-1)*p is divided by 37?
35
Let t(x) = 108*x**2 + 2*x + 2. Let d be t(-1). Let f = 188 - d. What is the remainder when f is divided by -6 + 10 + (1 - -22)?
26
Let m = -75 + 57. What is the remainder when 145 is divided by (m/4)/((-5)/40) + 1?
34
Let o(k) = k - 6. Let m be o(15). Suppose -49 = -5*g - 5*c + 61, 2*c + 25 = g. Calculate the remainder when g is divided by 4/(0 - (-3)/m).
11
Let r = -21 - -32. Let n(o) = o**2 + 32*o + 227. What is the remainder when r is divided by n(-10)?
4
Let s be (-98)/5 + (-2)/5. Let c = s - -32. What is the remainder when 21 - 1*(1 + -3) is divided by c?
11
Suppose 15 = 3*m - 30. Calculate the remainder when 68 is divided by m.
8
Calculate the remainder when 557 is divided by (12*(-70)/(-6))/(2*1).
67
Let d(h) = 2*h**2 + 4*h + 5. Let r be d(-2). Calculate the remainder when 37 is divided by ((-15)/(-12))/((25/40)/r).
7
Calculate the remainder when ((-40)/110)/2 + (-2224)/(-11) is divided by 96.
10
Let v(q) = -q**3 - 11*q**2 + 11*q - 8. Let o be v(-12). Suppose 4*h + 3*x = 120, -h = -0*h + o*x - 30. Calculate the remainder when 86 is divided by h.
26
Suppose -2*z - 5*v + 8*v = -175, v - 85 = -z. Calculate the remainder when z is divided by 8.
6
What is the remainder when (-4)/(-3 + -1)*1889 is divided by 18?
17
Suppose -2*a - 340 = -7*a. Let x = 506 + -492. Calculate the remainder when a is divided by x.
12
Let o be (-1)/(-1 + (-3)/(-6)). Suppose -b = -o - 1. Let u = 39 + -32. Calculate the remainder when u is divided by b.
1
Let b = -430 + 481. What is the remainder when b is divided by 25?
1
Let m = -7 - -12. What is the remainder when 4 - (-6*(-4)/12 + -6) is divided by m?
3
Suppose -r + 1 = -1. Suppose 2*c - 1 - 3 = 3*g, 4*g = r*c - 4. Calculate the remainder when 31 is divided by (-3*c)/(9/(-24)).
15
Suppose -122 - 44 = -5*v + 4*g, -2*v - 3*g + 71 = 0. Suppose -130 = -y - i - 28, 4*y - 3*i = 387. What is the remainder when y is divided by v?
31
Suppose 6*f = 214 + 152. Calculate the remainder when f is divided by 13.
9
What is the remainder when 353 is divided by (27/(-12))/(10/(-160))?
29
Let x be 0 + 3 + 0/3. Let w(u) = 2 - 5*u + 0*u**2 + 3*u**2 + 2. Calculate the remainder when w(x) is divided by 9.
7
Let q(g) = -10*g + 6. Let i be -2 + (9/6)/(12/16). Suppose a - 9*a + 184 = i. Calculate the remainder when q(-6) is divided by a.
20
Suppose 22*s = 13*s + 819. What is the remainder when s is divided by 36?
19
Let r = -18 + 25. Suppose r*o - 2*o - 75 = 0. Calculate the remainder when 29 is divided by o.
14
Suppose 5*x + 4*m + m - 35 = 0, -x + 5*m = -1. Calculate the remainder when 165 is divided by (-4)/6*(-252)/x.
25
Suppose -5*c + 32 = -4*i, -10 = -2*c + 2*i + 4. Suppose c*w - 92 + 28 = 0. Let s = -53 + 114. What is the remainder when s is divided by w?
13
Let b = 290 - 286. What is the remainder when 18 is divided by b?
2
Suppose 0 = -2*w + a + 329, -4*w + 466 = 3*a - 167. Calculate the remainder when w is divided by 53.
3
Let d = 24 + -4. Suppose -436 = -9*l + 4*l - 2*q, 5*l + 3*q - 439 = 0. Let n = l + -49. Calculate the remainder when n is divided by d.
17
Suppose -41*b - 524 = -45*b. What is the remainder when b is divided by 17?
12
Suppose -3*v + 5*v = -6. Let h be 46*v/6*-1. Let n = -10 + h. Calculate the remainder when n is divided by 5.
3
Let m(j) = 2*j**3 - 20*j**2 - 20*j - 6. Calculate the remainder when 73 is divided by m(11).
9
Suppose 5*c + 49 = r, 4*c + 2*r = -2*r - 20. Let m be (18/(-8))/(c/(-24)). Let q = m + 33. What is the remainder when q is divided by 15?
12
Suppose 11*v + 4*v = 150. Let c = v + -6. Calculate the remainder when 7 is divided by c.
3
Let u be -5*((-64)/10 + 2). Calculate the remainder when u*5/((-30)/(-9)) is divided by 3*(3 + -1 + 1).
6
Let r(n) = n + 12. Suppose -b + 2*v + 9 = 0, 3 = 3*v + 9. Calculate the remainder when 59 is divided by r(b).
8
Let t = 58 + -55. Suppose 2*s = 4*z - t - 3, -4*z + 27 = s. What is the remainder when 25 is divided by s?
4
Let h = -107 + 114. What is the remainder when 18 is divided by h?
4
Let p be ((-10)/(-4) - 3)*-2. Let y = 2 + p. Suppose -3*l - 5*j = -23 - 27, 0 = -5*l + y*j + 38. What is the remainder when l is divided by 4?
2
Suppose 24*i = 36*i - 900. What is the remainder when i is divided by 29?
17
Let k = -219 + 307. Suppose 0 = 16*m - 18*m + k. What is the remainder when 86 is divided by m?
42
Suppose 0 = -2*y + 7*y + 4*l - 2, -2*y + 2 = l. Let n be -2 - (-3)/2*y. What is the remainder when 12 is divided by (n + -2)/(2/(-14))?
5
Let y = 59 - 62. What is the remainder when (-8 - 57/y)*(0 + 3) is divided by 18?
15
Let m(v) = 7*v**2 - 8*v - 9. Calculate the remainder when m(-4) is divided by -2 + (5 - 2) - -33.
33
Let b(y) = -3*y - 2. Let j be b(-4). Let t = 27 + j. Suppose -3*a - 4*s + 49 = -0*s, -68 = -4*a - 4*s. What is the remainder when t is divided by a?
18
Suppose 0 = -64*l - 190 + 1342. Calculate the remainder when (-692)/(-10) + 1/(-5) is divided by l.
15
Let w be 54 - 8/5*15/6. Let v = 51 - w. What is the remainder when 4 is divided by v?
0
Suppose -62*l = -41*l - 315. Calculate the remainder when 325 is divided by l.
10
Suppose 4*n + 0*u - 4*u - 28 = 0, n = 4*u + 16. Suppose -n*y - 3 = -23. Calculate the remainder when (0/(-2) + -19)/(-1) is divided by y.
4
Let o = 7 + 3. Suppose -p - 6*p = 434. Calculate the remainder when 93/p*(-68)/6 is divided by o.
7
Sup